{"id":98,"date":"2020-08-20T21:14:20","date_gmt":"2020-08-20T19:14:20","guid":{"rendered":"https:\/\/wdp.sepmeries.fr\/?page_id=98"},"modified":"2025-10-13T16:54:00","modified_gmt":"2025-10-13T14:54:00","slug":"transports","status":"publish","type":"page","link":"https:\/\/www.sepmeries.fr\/index.php\/transports\/","title":{"rendered":"Transports"},"content":{"rendered":"\n<p class=\"has-text-align-center\"><strong>HORAIRES DE RAMASSAGE SCOLAIRE &#8211; RENTR\u00c9E 2025<\/strong><\/p>\n\n\n\n<p class=\"has-text-align-center\"><em>(LUNDI, MARDI, JEUDI, VENDREDI)<\/em><\/p>\n\n\n\n<p style=\"text-align: justify;\">Pour la s\u00e9curit\u00e9<strong> de vos enfants<\/strong>, nous vous demandons de bien vouloir <strong><u>vous tenir sur le parking ou d\u2019entrer \u00e0 pied dans la cour du lieu de garderie pour reprendre votre enfant \u00e0 l\u2019arriv\u00e9e du car (le soir).<\/u><\/strong> Cela \u00e9vitera aux enfants d\u2019\u00e9chapper \u00e0 la surveillance de la personne qui accompagne et de courir vers vous en traversant la chauss\u00e9e.<\/p>\n\n\n\n<figure class=\"wp-block-table is-style-stripes\"><table class=\"has-fixed-layout\"><thead><tr><th><\/th><th class=\"has-text-align-center\" data-align=\"center\">D\u00c9PART<\/th><th class=\"has-text-align-center\" data-align=\"center\">ARRIV\u00c9E<\/th><\/tr><\/thead><tbody><tr><td>MATIN<\/td><td class=\"has-text-align-center\" data-align=\"center\">MARESCHES <br>ECOLE <br><strong>8h30<\/strong><\/td><td class=\"has-text-align-center\" data-align=\"center\">SEPMERIES<br>GARDERIE<br><strong>8h40<\/strong><\/td><\/tr><tr><td><\/td><td class=\"has-text-align-center\" data-align=\"center\">SEPMERIES<br>GARDERIE<br><strong>8h45<\/strong><\/td><td class=\"has-text-align-center\" data-align=\"center\">MARESCHES<br>ECOLE<br><strong>8h55<\/strong><\/td><\/tr><tr><td>SOIR<\/td><td class=\"has-text-align-center\" data-align=\"center\">SEPMERIES<br>ECOLE<br><strong>16h25<\/strong><\/td><td class=\"has-text-align-center\" data-align=\"center\">MARESCHES<br>ECOLE<br><strong>16h30<\/strong><\/td><\/tr><tr><td><\/td><td class=\"has-text-align-center\" data-align=\"center\">MARESCHES <br>ECOLE<br><strong>16h40<\/strong><\/td><td class=\"has-text-align-center\" data-align=\"center\">SEPMERIES<br>GARDERIE<br><strong>16h50<\/strong><\/td><\/tr><tr><td><\/td><td class=\"has-text-align-center\" data-align=\"center\"><\/td><td class=\"has-text-align-center\" data-align=\"center\"><\/td><\/tr><\/tbody><\/table><\/figure>\n\n\n\n<p style=\"text-align: justify;\">A chaque transport les enfants seront accompagn\u00e9s soit par une personne de Sepmeries soit par une personne de Maresches.<\/p>\n\n\n\n<p><strong><span class=\"has-inline-color has-vivid-red-color\">RAPPEL: DANS LE CAR, LES ENFANTS DOIVENT \u00caTRE ASSIS ET LE PORT DE LA CEINTURE EST OBLIGATO<\/span><\/strong><span class=\"has-inline-color has-vivid-red-color\"><strong>IRE<\/strong>.<\/span><\/p>\n","protected":false},"excerpt":{"rendered":"<p>HORAIRES DE RAMASSAGE SCOLAIRE &#8211; RENTR\u00c9E 2025 (LUNDI, MARDI, JEUDI, VENDREDI) Pour la s\u00e9curit\u00e9 de vos enfants, nous vous demandons de bien vouloir vous tenir sur le parking ou d\u2019entrer [&hellip;]<\/p>\n","protected":false},"author":1,"featured_media":0,"parent":0,"menu_order":0,"comment_status":"closed","ping_status":"closed","template":"","meta":[],"_links":{"self":[{"href":"https:\/\/www.sepmeries.fr\/index.php\/wp-json\/wp\/v2\/pages\/98"}],"collection":[{"href":"https:\/\/www.sepmeries.fr\/index.php\/wp-json\/wp\/v2\/pages"}],"about":[{"href":"https:\/\/www.sepmeries.fr\/index.php\/wp-json\/wp\/v2\/types\/page"}],"author":[{"embeddable":true,"href":"https:\/\/www.sepmeries.fr\/index.php\/wp-json\/wp\/v2\/users\/1"}],"replies":[{"embeddable":true,"href":"https:\/\/www.sepmeries.fr\/index.php\/wp-json\/wp\/v2\/comments?post=98"}],"version-history":[{"count":13,"href":"https:\/\/www.sepmeries.fr\/index.php\/wp-json\/wp\/v2\/pages\/98\/revisions"}],"predecessor-version":[{"id":5262,"href":"https:\/\/www.sepmeries.fr\/index.php\/wp-json\/wp\/v2\/pages\/98\/revisions\/5262"}],"wp:attachment":[{"href":"https:\/\/www.sepmeries.fr\/index.php\/wp-json\/wp\/v2\/media?parent=98"}],"curies":[{"name":"wp","href":"https:\/\/api.w.org\/{rel}","templated":true}]}}