{"id":91,"date":"2020-08-20T21:12:32","date_gmt":"2020-08-20T19:12:32","guid":{"rendered":"https:\/\/wdp.sepmeries.fr\/?page_id=91"},"modified":"2025-09-07T16:09:46","modified_gmt":"2025-09-07T14:09:46","slug":"presentation","status":"publish","type":"page","link":"https:\/\/www.sepmeries.fr\/index.php\/presentation\/","title":{"rendered":"Pr\u00e9sentation"},"content":{"rendered":"\n<p>L&rsquo;\u00e9cole de SEPMERIES comporte 3 classes et fonctionne en Regroupement P\u00e9dagogique Intercommunal (RPI) avec l&rsquo;\u00e9cole des Pommes de MARESCHES.<\/p>\n\n\n\n<p>Classe CM1\/CM2 : Mme <strong>BADACHE<\/strong> &#8211; Directrice<\/p>\n<p>Classe TPS\/PS : Mme <strong>POTIE<\/strong><\/p>\n<p>Classe MS\/GS : Mme <strong>BATZENSCHLAGER<\/strong><\/p>\n<p>Assistante Maternelle : GWENAELLE (ATSEM)<\/p>\n\n\n\n<p>Les autres niveaux CP\/CE1 et CE2 sont r\u00e9partis \u00e0 l&rsquo;\u00e9cole de MARESCHES.<\/p>\n\n\n\n<p>Un transport scolaire assure la liaison entre les deux \u00e9coles au cas o\u00f9 votre enfant doit suivre sa scolarit\u00e9 \u00e0 MARESCHES (RPI).<\/p>\n\n\n\n<p><strong>HORAIRES<\/strong><\/p>\n\n\n\n<p><strong>Ecole<\/strong> &#8211; <em>Grand Rue 59269 SEPMERIES<\/em><br>Matin : 8h45 &#8211; 11h45<br>Apr\u00e8s-midi : 13h15 &#8211; 16h15<\/p>\n\n\n\n<p>T\u00e9l.: 03-27-26-26-25<\/p>\n","protected":false},"excerpt":{"rendered":"<p>L&rsquo;\u00e9cole de SEPMERIES comporte 3 classes et fonctionne en Regroupement P\u00e9dagogique Intercommunal (RPI) avec l&rsquo;\u00e9cole des Pommes de MARESCHES. Classe CM1\/CM2 : Mme BADACHE &#8211; Directrice Classe TPS\/PS : Mme [&hellip;]<\/p>\n","protected":false},"author":1,"featured_media":0,"parent":0,"menu_order":0,"comment_status":"closed","ping_status":"closed","template":"","meta":[],"_links":{"self":[{"href":"https:\/\/www.sepmeries.fr\/index.php\/wp-json\/wp\/v2\/pages\/91"}],"collection":[{"href":"https:\/\/www.sepmeries.fr\/index.php\/wp-json\/wp\/v2\/pages"}],"about":[{"href":"https:\/\/www.sepmeries.fr\/index.php\/wp-json\/wp\/v2\/types\/page"}],"author":[{"embeddable":true,"href":"https:\/\/www.sepmeries.fr\/index.php\/wp-json\/wp\/v2\/users\/1"}],"replies":[{"embeddable":true,"href":"https:\/\/www.sepmeries.fr\/index.php\/wp-json\/wp\/v2\/comments?post=91"}],"version-history":[{"count":13,"href":"https:\/\/www.sepmeries.fr\/index.php\/wp-json\/wp\/v2\/pages\/91\/revisions"}],"predecessor-version":[{"id":5150,"href":"https:\/\/www.sepmeries.fr\/index.php\/wp-json\/wp\/v2\/pages\/91\/revisions\/5150"}],"wp:attachment":[{"href":"https:\/\/www.sepmeries.fr\/index.php\/wp-json\/wp\/v2\/media?parent=91"}],"curies":[{"name":"wp","href":"https:\/\/api.w.org\/{rel}","templated":true}]}}