{"id":50,"date":"2020-08-12T23:33:12","date_gmt":"2020-08-12T21:33:12","guid":{"rendered":"https:\/\/wdp.sepmeries.fr\/?page_id=50"},"modified":"2021-10-24T22:54:30","modified_gmt":"2021-10-24T20:54:30","slug":"mediatheque","status":"publish","type":"page","link":"https:\/\/www.sepmeries.fr\/index.php\/mediatheque\/","title":{"rendered":"M\u00e9diath\u00e8que"},"content":{"rendered":"\n<h6>Horaires et contact<\/h6>\n\n\n\n<hr class=\"wp-block-separator is-style-wide\"\/>\n\n\n\n<p><strong>Mardi de 18h \u00e0 19h<\/strong> \/ <strong>Mercredi de 15h \u00e0 17 h<\/strong><\/p>\n\n\n\n<p>Isabelle HUBERT &#8211; 143, Grand Rue &#8211; T\u00e9l. : 03-27-27-57-15 &#8211; mail : <span style=\"color:#1606e5\" class=\"has-inline-color\">mediatheque-sepmeries@orange.fr<\/span><\/p>\n\n\n\n<p>La m\u00e9diath\u00e8que se situe dans le b\u00e2timent porte gauche face \u00e0 la mairie.<span class=\"has-inline-color has-vivid-red-color\"><\/span><\/p>\n\n\n\n<h6>Comment vous inscrire ?<\/h6>\n\n\n\n<hr class=\"wp-block-separator is-style-wide\"\/>\n\n\n\n<p>Pour vous inscrire, il faut :<\/p>\n\n\n\n<ul><li>1 pi\u00e8ce d&rsquo;identit\u00e9 :<span class=\"has-inline-color has-vivid-red-color\"><\/span> Carte d&rsquo;identit\u00e9, permis de conduire, passeport,<\/li><li>1 justificatif de domicile datant de moins de 3 mois.<\/li><\/ul>\n\n\n\n<p>Les enfants et les jeunes de moins de 18 ans doivent s&rsquo;inscrire en pr\u00e9sence d&rsquo;un parent qui remplit une autorisation d&rsquo;inscription.<\/p>\n\n\n\n<h6>Tarifs<\/h6>\n\n\n\n<hr class=\"wp-block-separator is-style-wide\"\/>\n\n\n\n<p>Tous abonnements \u00e0 tous supports est GRATUIT.<span class=\"has-inline-color has-vivid-red-color\"><\/span><\/p>\n\n\n\n<h6>Pr\u00eat et Services<\/h6>\n\n\n\n<hr class=\"wp-block-separator is-style-wide\"\/>\n\n\n\n<p><strong>Dur\u00e9e du pr\u00eat :<\/strong> <\/p>\n\n\n\n<p>Livres : <strong>21 jours<\/strong><\/p>\n\n\n\n<p>CD\/DVD : <strong>21 jours<\/strong><\/p>\n\n\n\n<p>Tous les documents peuvent \u00eatre emprunt\u00e9s \u00e0 domicile \u00e0 l&rsquo;exception : des dictionnaires, encyclop\u00e9dies et ouvrages de r\u00e9f\u00e9rence (usuels), qui sont r\u00e9serv\u00e9s \u00e0 la consultation sur place.<\/p>\n\n\n\n<p>La prolongation de pr\u00eat de documents est possible si ce document n&rsquo;est pas r\u00e9serv\u00e9 par un autre lecteur.<\/p>\n\n\n\n<p>Tout document perdu ou d\u00e9t\u00e9rior\u00e9 doit \u00eatre remplac\u00e9 ou rembours\u00e9.<\/p>\n\n\n\n<p><strong>Services : <\/strong><\/p>\n\n\n\n<p>Livraison \u00e0 domicile pour nos a\u00een\u00e9s sur demande.<\/p>\n\n\n\n<p>R\u00e9servation, vous pouvez demander la r\u00e9servation d&rsquo;un document emprunt\u00e9 par un lecteur.<\/p>\n\n\n\n<p><strong>Pratique !<\/strong><br>Vous pouvez nous soumettre vos suggestions d\u2019achat, r\u00e9server ou prolonger vos emprunts, sur place ou par <\/p>\n\n\n\n<p>mail : <span style=\"color:#1d14db\" class=\"has-inline-color\">mediatheque-<\/span><span style=\"color:#2114dd\" class=\"has-inline-color\">sepmeries@orange.fr<\/span><\/p>\n\n\n\n<hr class=\"wp-block-separator\"\/>\n\n\n\n<div class=\"wp-block-media-text alignwide is-stacked-on-mobile\"><figure class=\"wp-block-media-text__media\"><img decoding=\"async\" loading=\"lazy\" width=\"425\" height=\"283\" src=\"https:\/\/www.sepmeries.fr\/wp-content\/uploads\/2021\/10\/Bibliotheque-chez-soi-1.jpg\" alt=\"\" class=\"wp-image-2013 size-full\" srcset=\"https:\/\/www.sepmeries.fr\/wp-content\/uploads\/2021\/10\/Bibliotheque-chez-soi-1.jpg 425w, https:\/\/www.sepmeries.fr\/wp-content\/uploads\/2021\/10\/Bibliotheque-chez-soi-1-300x200.jpg 300w\" sizes=\"(max-width: 425px) 100vw, 425px\" \/><\/figure><div class=\"wp-block-media-text__content\">\n<p><strong>Sortir de chez vous est compliqu\u00e9 ?<\/strong><\/p>\n\n\n\n<p><strong>Votre biblioth\u00e8que vient \u00e0 vous..<\/strong>.<\/p>\n\n\n\n<p>Chez vous, profitez de ce nouveau service de portage \u00e0 domicile d\u00e9di\u00e9 aux Sepmeriens de 60 ans et plus.<\/p>\n\n\n\n<p>Informations et renseignements :<\/p>\n\n\n\n<p>T\u00e9l.: <strong>03-27-27-57-15<\/strong> &#8211; Mardi de 18h \u00e0 19h \/ Mercredi de 15h \u00e0 17 h<\/p>\n\n\n\n<p>Mail : <span style=\"color:#1d14db\" class=\"has-inline-color\">mediatheque-<\/span><span style=\"color:#2114dd\" class=\"has-inline-color\">sepmeries@orange.fr<\/span> <\/p>\n<\/div><\/div>\n\n\n\n<p><\/p>\n","protected":false},"excerpt":{"rendered":"<p>Horaires et contact Mardi de 18h \u00e0 19h \/ Mercredi de 15h \u00e0 17 h Isabelle HUBERT &#8211; 143, Grand Rue &#8211; T\u00e9l. : 03-27-27-57-15 &#8211; mail : mediatheque-sepmeries@orange.fr La [&hellip;]<\/p>\n","protected":false},"author":1,"featured_media":0,"parent":0,"menu_order":0,"comment_status":"closed","ping_status":"closed","template":"","meta":[],"_links":{"self":[{"href":"https:\/\/www.sepmeries.fr\/index.php\/wp-json\/wp\/v2\/pages\/50"}],"collection":[{"href":"https:\/\/www.sepmeries.fr\/index.php\/wp-json\/wp\/v2\/pages"}],"about":[{"href":"https:\/\/www.sepmeries.fr\/index.php\/wp-json\/wp\/v2\/types\/page"}],"author":[{"embeddable":true,"href":"https:\/\/www.sepmeries.fr\/index.php\/wp-json\/wp\/v2\/users\/1"}],"replies":[{"embeddable":true,"href":"https:\/\/www.sepmeries.fr\/index.php\/wp-json\/wp\/v2\/comments?post=50"}],"version-history":[{"count":17,"href":"https:\/\/www.sepmeries.fr\/index.php\/wp-json\/wp\/v2\/pages\/50\/revisions"}],"predecessor-version":[{"id":2014,"href":"https:\/\/www.sepmeries.fr\/index.php\/wp-json\/wp\/v2\/pages\/50\/revisions\/2014"}],"wp:attachment":[{"href":"https:\/\/www.sepmeries.fr\/index.php\/wp-json\/wp\/v2\/media?parent=50"}],"curies":[{"name":"wp","href":"https:\/\/api.w.org\/{rel}","templated":true}]}}

Médiathèque

<h6>Horaires et contact</h6>



<hr class="wp-block-separator is-style-wide"/>



<p><strong>Mardi de 18h à 19h</strong> / <strong>Mercredi de 15h à 17 h</strong></p>



<p>Isabelle HUBERT &#8211; 143, Grand Rue &#8211; Tél. : 03-27-27-57-15 &#8211; mail : <span style="color:#1606e5" class="has-inline-color">mediatheque-sepmeries@orange.fr</span></p>



<p>La médiathèque se situe dans le bâtiment porte gauche face à la mairie.<span class="has-inline-color has-vivid-red-color"></span></p>



<h6>Comment vous inscrire ?</h6>



<hr class="wp-block-separator is-style-wide"/>



<p>Pour vous inscrire, il faut :</p>



<ul><li>1 pièce d&rsquo;identité :<span class="has-inline-color has-vivid-red-color"></span> Carte d&rsquo;identité, permis de conduire, passeport,</li><li>1 justificatif de domicile datant de moins de 3 mois.</li></ul>



<p>Les enfants et les jeunes de moins de 18 ans doivent s&rsquo;inscrire en présence d&rsquo;un parent qui remplit une autorisation d&rsquo;inscription.</p>



<h6>Tarifs</h6>



<hr class="wp-block-separator is-style-wide"/>



<p>Tous abonnements à tous supports est GRATUIT.<span class="has-inline-color has-vivid-red-color"></span></p>



<h6>Prêt et Services</h6>



<hr class="wp-block-separator is-style-wide"/>



<p><strong>Durée du prêt :</strong> </p>



<p>Livres : <strong>21 jours</strong></p>



<p>CD/DVD : <strong>21 jours</strong></p>



<p>Tous les documents peuvent être empruntés à domicile à l&rsquo;exception : des dictionnaires, encyclopédies et ouvrages de référence (usuels), qui sont réservés à la consultation sur place.</p>



<p>La prolongation de prêt de documents est possible si ce document n&rsquo;est pas réservé par un autre lecteur.</p>



<p>Tout document perdu ou détérioré doit être remplacé ou remboursé.</p>



<p><strong>Services : </strong></p>



<p>Livraison à domicile pour nos aînés sur demande.</p>



<p>Réservation, vous pouvez demander la réservation d&rsquo;un document emprunté par un lecteur.</p>



<p><strong>Pratique !</strong><br>Vous pouvez nous soumettre vos suggestions d’achat, réserver ou prolonger vos emprunts, sur place ou par </p>



<p>mail : <span style="color:#1d14db" class="has-inline-color">mediatheque-</span><span style="color:#2114dd" class="has-inline-color">sepmeries@orange.fr</span></p>



<hr class="wp-block-separator"/>



<div class="wp-block-media-text alignwide is-stacked-on-mobile"><figure class="wp-block-media-text__media"><img decoding="async" loading="lazy" width="425" height="283" src="https://www.sepmeries.fr/wp-content/uploads/2021/10/Bibliotheque-chez-soi-1.jpg" alt="" class="wp-image-2013 size-full" srcset="https://www.sepmeries.fr/wp-content/uploads/2021/10/Bibliotheque-chez-soi-1.jpg 425w, https://www.sepmeries.fr/wp-content/uploads/2021/10/Bibliotheque-chez-soi-1-300x200.jpg 300w" sizes="(max-width: 425px) 100vw, 425px" /></figure><div class="wp-block-media-text__content">
<p><strong>Sortir de chez vous est compliqué ?</strong></p>



<p><strong>Votre bibliothèque vient à vous..</strong>.</p>



<p>Chez vous, profitez de ce nouveau service de portage à domicile dédié aux Sepmeriens de 60 ans et plus.</p>



<p>Informations et renseignements :</p>



<p>Tél.: <strong>03-27-27-57-15</strong> &#8211; Mardi de 18h à 19h / Mercredi de 15h à 17 h</p>



<p>Mail : <span style="color:#1d14db" class="has-inline-color">mediatheque-</span><span style="color:#2114dd" class="has-inline-color">sepmeries@orange.fr</span> </p>
</div></div>



<p></p>

<p>Horaires et contact Mardi de 18h à 19h / Mercredi de 15h à 17 h Isabelle HUBERT &#8211; 143, Grand Rue &#8211; Tél. : 03-27-27-57-15 &#8211; mail : mediatheque-sepmeries@orange.fr La [&hellip;]</p>
