{"id":42,"date":"2020-08-12T22:40:49","date_gmt":"2020-08-12T20:40:49","guid":{"rendered":"https:\/\/wdp.sepmeries.fr\/?page_id=42"},"modified":"2026-04-26T18:22:10","modified_gmt":"2026-04-26T16:22:10","slug":"le-conseil-municipal","status":"publish","type":"page","link":"https:\/\/www.sepmeries.fr\/index.php\/le-conseil-municipal\/","title":{"rendered":"Le Conseil Municipal"},"content":{"rendered":"\n<div class=\"wp-block-media-text alignwide is-stacked-on-mobile\" style=\"grid-template-columns:17% auto\"><figure class=\"wp-block-media-text__media\"><img decoding=\"async\" loading=\"lazy\" width=\"292\" height=\"364\" src=\"https:\/\/www.sepmeries.fr\/wp-content\/uploads\/2026\/04\/Copie-de-Sans-titre.png\" alt=\"\" class=\"wp-image-5544 size-full\" srcset=\"https:\/\/www.sepmeries.fr\/wp-content\/uploads\/2026\/04\/Copie-de-Sans-titre.png 292w, https:\/\/www.sepmeries.fr\/wp-content\/uploads\/2026\/04\/Copie-de-Sans-titre-241x300.png 241w\" sizes=\"(max-width: 292px) 100vw, 292px\" \/><\/figure><div class=\"wp-block-media-text__content\">\n<p><strong>Thierry SOSZYNSKI<\/strong><\/p>\n\n\n\n<p><em><strong>Maire<\/strong><\/em><\/p>\n\n\n\n<p>Conseiller Communautaire au Pays de Mormal<\/p>\n<\/div><\/div>\n\n\n\n<div class=\"wp-block-media-text alignwide has-media-on-the-right is-stacked-on-mobile\" style=\"grid-template-columns:auto 20%\"><div class=\"wp-block-media-text__content\">\n<p class=\"has-text-align-right\"><strong><strong>Christian BASSEZ<\/strong><br><em>1er Adjoint<\/em><\/strong><\/p>\n\n\n\n<p class=\"has-text-align-right\">Affaires G\u00e9n\u00e9rales, Urbanisme, S\u00e9curit\u00e9 et Tranquillit\u00e9 publique<\/p>\n\n\n\n<p class=\"has-text-align-right\">Commission Travaux, Cadre de vie, S\u00e9curit\u00e9 et Accessibilit\u00e9<\/p>\n\n\n\n<p class=\"has-text-align-right\">Commission Finances, Urbanisme et Administration G\u00e9n\u00e9rale<\/p>\n<\/div><figure class=\"wp-block-media-text__media\"><img decoding=\"async\" loading=\"lazy\" width=\"325\" height=\"407\" src=\"https:\/\/www.sepmeries.fr\/wp-content\/uploads\/2026\/04\/Design-sans-titre-2.png\" alt=\"\" class=\"wp-image-5546 size-full\" srcset=\"https:\/\/www.sepmeries.fr\/wp-content\/uploads\/2026\/04\/Design-sans-titre-2.png 325w, https:\/\/www.sepmeries.fr\/wp-content\/uploads\/2026\/04\/Design-sans-titre-2-240x300.png 240w\" sizes=\"(max-width: 325px) 100vw, 325px\" \/><\/figure><\/div>\n\n\n\n<div class=\"wp-block-media-text alignwide is-stacked-on-mobile\" style=\"grid-template-columns:20% auto\"><figure class=\"wp-block-media-text__media\"><img decoding=\"async\" loading=\"lazy\" width=\"323\" height=\"407\" src=\"https:\/\/www.sepmeries.fr\/wp-content\/uploads\/2026\/04\/Design-sans-titre-3.png\" alt=\"\" class=\"wp-image-5547 size-full\" srcset=\"https:\/\/www.sepmeries.fr\/wp-content\/uploads\/2026\/04\/Design-sans-titre-3.png 323w, https:\/\/www.sepmeries.fr\/wp-content\/uploads\/2026\/04\/Design-sans-titre-3-238x300.png 238w\" sizes=\"(max-width: 323px) 100vw, 323px\" \/><\/figure><div class=\"wp-block-media-text__content\">\n<p><strong>Anne-Laure GAILLET<\/strong><br><strong><em>2\u00e8me Adjointe<\/em><\/strong><\/p>\n\n\n\n<p>Affaires scolaires, P\u00e9riscolaire et Jeunesse<\/p>\n\n\n\n<p>Commission Finances, Urbanisme et Administration G\u00e9n\u00e9rale<\/p>\n\n\n\n<p>Commission Vie scolaire, Jeunesse, Action sociale et Relation avec les a\u00een\u00e9s<\/p>\n\n\n\n<p>Commission Culture, Communication et \u00c9v\u00e9nementiel<\/p>\n<\/div><\/div>\n\n\n\n<div class=\"wp-block-media-text alignwide has-media-on-the-right is-stacked-on-mobile\" style=\"grid-template-columns:auto 20%\"><div class=\"wp-block-media-text__content\">\n<p class=\"has-text-align-right\"><strong>Alain DUPUIS<\/strong><br><strong><em>3\u00e8me Adjoint<\/em><\/strong><\/p>\n\n\n\n<p class=\"has-text-align-right\">Commission Travaux, Cadre de vie, S\u00e9curit\u00e9 et Accessibilit\u00e9<\/p>\n\n\n\n<p class=\"has-text-align-right\">Commission Finances, Urbanisme et Administration G\u00e9n\u00e9rale<\/p>\n<\/div><figure class=\"wp-block-media-text__media\"><img decoding=\"async\" loading=\"lazy\" width=\"324\" height=\"406\" src=\"https:\/\/www.sepmeries.fr\/wp-content\/uploads\/2026\/04\/Design-sans-titre-4.png\" alt=\"\" class=\"wp-image-5548 size-full\" srcset=\"https:\/\/www.sepmeries.fr\/wp-content\/uploads\/2026\/04\/Design-sans-titre-4.png 324w, https:\/\/www.sepmeries.fr\/wp-content\/uploads\/2026\/04\/Design-sans-titre-4-239x300.png 239w\" sizes=\"(max-width: 324px) 100vw, 324px\" \/><\/figure><\/div>\n\n\n\n<div class=\"wp-block-media-text alignwide is-stacked-on-mobile\" style=\"grid-template-columns:20% auto\"><figure class=\"wp-block-media-text__media\"><img decoding=\"async\" loading=\"lazy\" width=\"324\" height=\"407\" src=\"https:\/\/www.sepmeries.fr\/wp-content\/uploads\/2026\/04\/Design-sans-titre-5.png\" alt=\"\" class=\"wp-image-5549 size-full\" srcset=\"https:\/\/www.sepmeries.fr\/wp-content\/uploads\/2026\/04\/Design-sans-titre-5.png 324w, https:\/\/www.sepmeries.fr\/wp-content\/uploads\/2026\/04\/Design-sans-titre-5-239x300.png 239w\" sizes=\"(max-width: 324px) 100vw, 324px\" \/><\/figure><div class=\"wp-block-media-text__content\">\n<p class=\"has-text-align-left\"><strong>Doroth\u00e9e BOUCHEZ<br><em>Conseill\u00e8re Municipale<\/em><\/strong> <strong><em>D\u00e9l\u00e9gu\u00e9e<\/em><\/strong><\/p>\n\n\n\n<p class=\"has-text-align-left\">Animations communales et \u00e0 la vie festive<\/p>\n\n\n\n<p class=\"has-text-align-left\">Commission Culture, Communication et \u00c9v\u00e9nementiel<\/p>\n<\/div><\/div>\n\n\n\n<div class=\"wp-block-media-text alignwide has-media-on-the-right is-stacked-on-mobile\" style=\"grid-template-columns:auto 20%\"><div class=\"wp-block-media-text__content\">\n<p class=\"has-text-align-right\"><strong>Aur\u00e9lie PREVOT<br><em>Conseill\u00e8re municipale D\u00e9l\u00e9gu\u00e9e<\/em><\/strong><\/p>\n\n\n\n<p class=\"has-text-align-right\">A\u00een\u00e9s, Accessibilit\u00e9 et Action sociale<\/p>\n\n\n\n<p class=\"has-text-align-right\">Commission Vie scolaire, Jeunesse, Action sociale et Relation avec les a\u00een\u00e9s<\/p>\n\n\n\n<p class=\"has-text-align-right\">Commission Culture, Communication et \u00c9v\u00e9nementiel<\/p>\n<\/div><figure class=\"wp-block-media-text__media\"><img decoding=\"async\" loading=\"lazy\" width=\"327\" height=\"407\" src=\"https:\/\/www.sepmeries.fr\/wp-content\/uploads\/2026\/04\/Design-sans-titre-7.png\" alt=\"\" class=\"wp-image-5550 size-full\" srcset=\"https:\/\/www.sepmeries.fr\/wp-content\/uploads\/2026\/04\/Design-sans-titre-7.png 327w, https:\/\/www.sepmeries.fr\/wp-content\/uploads\/2026\/04\/Design-sans-titre-7-241x300.png 241w\" sizes=\"(max-width: 327px) 100vw, 327px\" \/><\/figure><\/div>\n\n\n\n<div class=\"wp-block-media-text alignwide is-stacked-on-mobile\" style=\"grid-template-columns:19% auto\"><figure class=\"wp-block-media-text__media\"><img decoding=\"async\" loading=\"lazy\" width=\"327\" height=\"407\" src=\"https:\/\/www.sepmeries.fr\/wp-content\/uploads\/2026\/04\/Design-sans-titre-8.png\" alt=\"\" class=\"wp-image-5551 size-full\" srcset=\"https:\/\/www.sepmeries.fr\/wp-content\/uploads\/2026\/04\/Design-sans-titre-8.png 327w, https:\/\/www.sepmeries.fr\/wp-content\/uploads\/2026\/04\/Design-sans-titre-8-241x300.png 241w\" sizes=\"(max-width: 327px) 100vw, 327px\" \/><\/figure><div class=\"wp-block-media-text__content\">\n<p class=\"has-text-align-left\"><strong>Marie-Pierre DANHIEZ<br><em>Conseill\u00e8re municipale<\/em><\/strong><\/p>\n\n\n\n<p>Commission Finances, Urbanisme et Administration G\u00e9n\u00e9rale<\/p>\n\n\n\n<p>Commission Culture, Communication et \u00c9v\u00e9nementiel<\/p>\n<\/div><\/div>\n\n\n\n<div class=\"wp-block-media-text alignwide has-media-on-the-right is-stacked-on-mobile\" style=\"grid-template-columns:auto 20%\"><div class=\"wp-block-media-text__content\">\n<p class=\"has-text-align-right\"><strong>Romain GEORGES<br><em>Conseiller municipal<\/em><\/strong><\/p>\n\n\n\n<p class=\"has-text-align-right\">Commission Vie scolaire, Jeunesse, Action sociale et Relation avec les a\u00een\u00e9s<\/p>\n<\/div><figure class=\"wp-block-media-text__media\"><img decoding=\"async\" loading=\"lazy\" width=\"327\" height=\"407\" src=\"https:\/\/www.sepmeries.fr\/wp-content\/uploads\/2026\/04\/Design-sans-titre-9.png\" alt=\"\" class=\"wp-image-5552 size-full\" srcset=\"https:\/\/www.sepmeries.fr\/wp-content\/uploads\/2026\/04\/Design-sans-titre-9.png 327w, https:\/\/www.sepmeries.fr\/wp-content\/uploads\/2026\/04\/Design-sans-titre-9-241x300.png 241w\" sizes=\"(max-width: 327px) 100vw, 327px\" \/><\/figure><\/div>\n\n\n\n<div class=\"wp-block-media-text alignwide is-stacked-on-mobile\" style=\"grid-template-columns:20% auto\"><figure class=\"wp-block-media-text__media\"><img decoding=\"async\" loading=\"lazy\" width=\"327\" height=\"407\" src=\"https:\/\/www.sepmeries.fr\/wp-content\/uploads\/2026\/04\/Design-sans-titre-10.png\" alt=\"\" class=\"wp-image-5553 size-full\" srcset=\"https:\/\/www.sepmeries.fr\/wp-content\/uploads\/2026\/04\/Design-sans-titre-10.png 327w, https:\/\/www.sepmeries.fr\/wp-content\/uploads\/2026\/04\/Design-sans-titre-10-241x300.png 241w\" sizes=\"(max-width: 327px) 100vw, 327px\" \/><\/figure><div class=\"wp-block-media-text__content\">\n<p class=\"has-text-align-left\">St\u00e9phanie DAUCHEZ<strong><br><em>Conseill\u00e8re municipale<\/em><\/strong><\/p>\n\n\n\n<p class=\"has-text-align-left\">Commission Vie scolaire, Jeunesse, Action sociale et Relation avec les a\u00een\u00e9s<\/p>\n<\/div><\/div>\n\n\n\n<div class=\"wp-block-media-text alignwide has-media-on-the-right is-stacked-on-mobile\" style=\"grid-template-columns:auto 20%\"><div class=\"wp-block-media-text__content\">\n<p class=\"has-text-align-right\"><strong>Florentine SELLIER<br><em>Conseill\u00e8re municipale<\/em><\/strong><\/p>\n\n\n\n<p class=\"has-text-align-right\">Commission Vie scolaire, Jeunesse, Action sociale et Relation avec les a\u00een\u00e9s<\/p>\n<\/div><figure class=\"wp-block-media-text__media\"><img decoding=\"async\" loading=\"lazy\" width=\"282\" height=\"351\" src=\"https:\/\/www.sepmeries.fr\/wp-content\/uploads\/2026\/04\/Design-sans-titre-11.png\" alt=\"\" class=\"wp-image-5554 size-full\" srcset=\"https:\/\/www.sepmeries.fr\/wp-content\/uploads\/2026\/04\/Design-sans-titre-11.png 282w, https:\/\/www.sepmeries.fr\/wp-content\/uploads\/2026\/04\/Design-sans-titre-11-241x300.png 241w\" sizes=\"(max-width: 282px) 100vw, 282px\" \/><\/figure><\/div>\n\n\n\n<div class=\"wp-block-media-text alignwide is-stacked-on-mobile\" style=\"grid-template-columns:21% auto\"><figure class=\"wp-block-media-text__media\"><img decoding=\"async\" loading=\"lazy\" width=\"325\" height=\"358\" src=\"https:\/\/www.sepmeries.fr\/wp-content\/uploads\/2026\/04\/Design-sans-titre-12.png\" alt=\"\" class=\"wp-image-5555 size-full\" srcset=\"https:\/\/www.sepmeries.fr\/wp-content\/uploads\/2026\/04\/Design-sans-titre-12.png 325w, https:\/\/www.sepmeries.fr\/wp-content\/uploads\/2026\/04\/Design-sans-titre-12-272x300.png 272w\" sizes=\"(max-width: 325px) 100vw, 325px\" \/><\/figure><div class=\"wp-block-media-text__content\">\n<p class=\"has-text-align-left\"><strong>Elodie BERCHON<br><\/strong><em><strong>Conseill\u00e8re municipale<\/strong><\/em><\/p>\n\n\n\n<p class=\"has-text-align-left\">Commission Culture, Communication et \u00c9v\u00e9nementiel<\/p>\n\n\n\n<p>Commission Finances, Urbanisme et Administration G\u00e9n\u00e9rale<\/p>\n<\/div><\/div>\n\n\n\n<div class=\"wp-block-media-text alignwide has-media-on-the-right is-stacked-on-mobile\" style=\"grid-template-columns:auto 20%\"><div class=\"wp-block-media-text__content\">\n<p class=\"has-text-align-right\"><strong>Christophe DIENNE<br><em>Conseiller municipal<\/em><\/strong><\/p>\n\n\n\n<p class=\"has-text-align-right\">Commission Travaux, Cadre de vie, S\u00e9curit\u00e9 et Accessibilit\u00e9<\/p>\n<\/div><figure class=\"wp-block-media-text__media\"><img decoding=\"async\" loading=\"lazy\" width=\"326\" height=\"407\" src=\"https:\/\/www.sepmeries.fr\/wp-content\/uploads\/2026\/04\/Design-sans-titre-13.png\" alt=\"\" class=\"wp-image-5556 size-full\" srcset=\"https:\/\/www.sepmeries.fr\/wp-content\/uploads\/2026\/04\/Design-sans-titre-13.png 326w, https:\/\/www.sepmeries.fr\/wp-content\/uploads\/2026\/04\/Design-sans-titre-13-240x300.png 240w\" sizes=\"(max-width: 326px) 100vw, 326px\" \/><\/figure><\/div>\n\n\n\n<div class=\"wp-block-media-text alignwide is-stacked-on-mobile\" style=\"grid-template-columns:20% auto\"><figure class=\"wp-block-media-text__media\"><img decoding=\"async\" loading=\"lazy\" width=\"326\" height=\"407\" src=\"https:\/\/www.sepmeries.fr\/wp-content\/uploads\/2026\/04\/Design-sans-titre-14.png\" alt=\"\" class=\"wp-image-5557 size-full\" srcset=\"https:\/\/www.sepmeries.fr\/wp-content\/uploads\/2026\/04\/Design-sans-titre-14.png 326w, https:\/\/www.sepmeries.fr\/wp-content\/uploads\/2026\/04\/Design-sans-titre-14-240x300.png 240w\" sizes=\"(max-width: 326px) 100vw, 326px\" \/><\/figure><div class=\"wp-block-media-text__content\">\n<p class=\"has-text-align-left\"><strong>Pierre MOUFTIEZ<br><em>Conseiller municipal<\/em><\/strong><\/p>\n\n\n\n<p class=\"has-text-align-left\">Commission Travaux, Cadre de vie, S\u00e9curit\u00e9 et Accessibilit\u00e9<\/p>\n<\/div><\/div>\n\n\n\n<div class=\"wp-block-media-text alignwide has-media-on-the-right is-stacked-on-mobile\" style=\"grid-template-columns:auto 20%\"><div class=\"wp-block-media-text__content\">\n<p class=\"has-text-align-right\"><strong>Anthony DOUVRY<br><em>Conseiller municipal<\/em><\/strong><\/p>\n\n\n\n<p class=\"has-text-align-right\">Commission Travaux, Cadre de vie, S\u00e9curit\u00e9 et Accessibilit\u00e9<\/p>\n<\/div><figure class=\"wp-block-media-text__media\"><img decoding=\"async\" loading=\"lazy\" width=\"325\" height=\"407\" src=\"https:\/\/www.sepmeries.fr\/wp-content\/uploads\/2026\/04\/Design-sans-titre-16.png\" alt=\"\" class=\"wp-image-5559 size-full\" srcset=\"https:\/\/www.sepmeries.fr\/wp-content\/uploads\/2026\/04\/Design-sans-titre-16.png 325w, https:\/\/www.sepmeries.fr\/wp-content\/uploads\/2026\/04\/Design-sans-titre-16-240x300.png 240w\" sizes=\"(max-width: 325px) 100vw, 325px\" \/><\/figure><\/div>\n\n\n\n<div class=\"wp-block-media-text alignwide is-stacked-on-mobile\" style=\"grid-template-columns:20% auto\"><figure class=\"wp-block-media-text__media\"><img decoding=\"async\" loading=\"lazy\" width=\"324\" height=\"407\" src=\"https:\/\/www.sepmeries.fr\/wp-content\/uploads\/2026\/04\/Design-sans-titre-15.png\" alt=\"\" class=\"wp-image-5558 size-full\" srcset=\"https:\/\/www.sepmeries.fr\/wp-content\/uploads\/2026\/04\/Design-sans-titre-15.png 324w, https:\/\/www.sepmeries.fr\/wp-content\/uploads\/2026\/04\/Design-sans-titre-15-239x300.png 239w\" sizes=\"(max-width: 324px) 100vw, 324px\" \/><\/figure><div class=\"wp-block-media-text__content\">\n<p class=\"has-text-align-left\"><strong>Jean-Michel PASBESQ<br><em>Conseiller municipal<\/em><\/strong><\/p>\n\n\n\n<p class=\"has-text-align-left\">Commission Travaux, Cadre de vie, S\u00e9curit\u00e9 et Accessibilit\u00e9<\/p>\n<\/div><\/div>\n","protected":false},"excerpt":{"rendered":"<p>Thierry SOSZYNSKI Maire Conseiller Communautaire au Pays de Mormal Christian BASSEZ1er Adjoint Affaires G\u00e9n\u00e9rales, Urbanisme, S\u00e9curit\u00e9 et Tranquillit\u00e9 publique Commission Travaux, Cadre de vie, S\u00e9curit\u00e9 et Accessibilit\u00e9 Commission Finances, Urbanisme [&hellip;]<\/p>\n","protected":false},"author":1,"featured_media":0,"parent":0,"menu_order":0,"comment_status":"closed","ping_status":"closed","template":"","meta":[],"_links":{"self":[{"href":"https:\/\/www.sepmeries.fr\/index.php\/wp-json\/wp\/v2\/pages\/42"}],"collection":[{"href":"https:\/\/www.sepmeries.fr\/index.php\/wp-json\/wp\/v2\/pages"}],"about":[{"href":"https:\/\/www.sepmeries.fr\/index.php\/wp-json\/wp\/v2\/types\/page"}],"author":[{"embeddable":true,"href":"https:\/\/www.sepmeries.fr\/index.php\/wp-json\/wp\/v2\/users\/1"}],"replies":[{"embeddable":true,"href":"https:\/\/www.sepmeries.fr\/index.php\/wp-json\/wp\/v2\/comments?post=42"}],"version-history":[{"count":37,"href":"https:\/\/www.sepmeries.fr\/index.php\/wp-json\/wp\/v2\/pages\/42\/revisions"}],"predecessor-version":[{"id":5672,"href":"https:\/\/www.sepmeries.fr\/index.php\/wp-json\/wp\/v2\/pages\/42\/revisions\/5672"}],"wp:attachment":[{"href":"https:\/\/www.sepmeries.fr\/index.php\/wp-json\/wp\/v2\/media?parent=42"}],"curies":[{"name":"wp","href":"https:\/\/api.w.org\/{rel}","templated":true}]}}