{"id":221,"date":"2020-08-24T22:29:24","date_gmt":"2020-08-24T20:29:24","guid":{"rendered":"https:\/\/wdp.sepmeries.fr\/?page_id=221"},"modified":"2026-04-26T18:26:05","modified_gmt":"2026-04-26T16:26:05","slug":"les-commissions-municipales","status":"publish","type":"page","link":"https:\/\/www.sepmeries.fr\/index.php\/les-commissions-municipales\/","title":{"rendered":"Les Commissions Municipales"},"content":{"rendered":"\n<p style=\"text-align: justify;\">Les commissions municipales sont pr\u00e9sid\u00e9es par le Maire ou son repr\u00e9sentant et fonctionnent selon les m\u00eames modalit\u00e9s que le Conseil Municipal.<\/p>\n\n\n\n<hr class=\"wp-block-separator has-css-opacity\"\/>\n\n\n\n<h3>Commission Finances, Urbanisme et Administration G\u00e9n\u00e9rale<\/h3>\n\n\n\n<ul>\n<li>Thierry SOSZYNSKI<\/li>\n\n\n\n<li>Christian BASSEZ<\/li>\n\n\n\n<li>Anne-Laure GAILLET<\/li>\n\n\n\n<li>Alain DUPUIS<\/li>\n\n\n\n<li>Marie-pierre DANHIEZ<\/li>\n\n\n\n<li>Elodie BERCHON<\/li>\n<\/ul>\n\n\n\n<hr class=\"wp-block-separator has-css-opacity\"\/>\n\n\n\n<h3>Commission Vie Scolaire, Jeunesse, Action Sociale et Relations avec les A\u00een\u00e9s<\/h3>\n\n\n\n<ul>\n<li>Anne-Laure GAILLET<\/li>\n\n\n\n<li>Aur\u00e9lie PREVOT<\/li>\n\n\n\n<li>St\u00e9phanie DAUCHEZ<\/li>\n\n\n\n<li>Romain GEORGES<\/li>\n\n\n\n<li>Florentine SELLIER<\/li>\n<\/ul>\n\n\n\n<hr class=\"wp-block-separator has-css-opacity\"\/>\n\n\n\n<h3>Commission Travaux, Cadre de vie, S\u00e9curit\u00e9 et Accessibilit\u00e9<\/h3>\n\n\n\n<ul>\n<li>Alain DUPUIS<\/li>\n\n\n\n<li>Christian BASSEZ<\/li>\n\n\n\n<li>Jean-Michel PASBECQ<\/li>\n\n\n\n<li>Anthony DOUVRY<\/li>\n\n\n\n<li>Pierre MOUFTIEZ<\/li>\n\n\n\n<li>Christophe DIENNE<\/li>\n<\/ul>\n\n\n\n<hr class=\"wp-block-separator has-css-opacity\"\/>\n\n\n\n<h3>Commission Culture, Communication et \u00c9v\u00e9nementiel<\/h3>\n\n\n\n<ul>\n<li>Anne-Laure GAILLET<\/li>\n\n\n\n<li>Doroth\u00e9e BOUCHEZ<\/li>\n\n\n\n<li>Elodie BERCHON<\/li>\n\n\n\n<li>Aur\u00e9lie PREVOT<\/li>\n\n\n\n<li>Marie-Pierre DANHIEZ<\/li>\n<\/ul>\n\n\n\n<p><\/p>\n\n\n\n<p><\/p>\n\n\n\n<p><\/p>\n\n\n\n<p><\/p>\n","protected":false},"excerpt":{"rendered":"<p>Les commissions municipales sont pr\u00e9sid\u00e9es par le Maire ou son repr\u00e9sentant et fonctionnent selon les m\u00eames modalit\u00e9s que le Conseil Municipal. Commission Finances, Urbanisme et Administration G\u00e9n\u00e9rale Commission Vie Scolaire, [&hellip;]<\/p>\n","protected":false},"author":1,"featured_media":0,"parent":0,"menu_order":0,"comment_status":"closed","ping_status":"closed","template":"","meta":[],"_links":{"self":[{"href":"https:\/\/www.sepmeries.fr\/index.php\/wp-json\/wp\/v2\/pages\/221"}],"collection":[{"href":"https:\/\/www.sepmeries.fr\/index.php\/wp-json\/wp\/v2\/pages"}],"about":[{"href":"https:\/\/www.sepmeries.fr\/index.php\/wp-json\/wp\/v2\/types\/page"}],"author":[{"embeddable":true,"href":"https:\/\/www.sepmeries.fr\/index.php\/wp-json\/wp\/v2\/users\/1"}],"replies":[{"embeddable":true,"href":"https:\/\/www.sepmeries.fr\/index.php\/wp-json\/wp\/v2\/comments?post=221"}],"version-history":[{"count":7,"href":"https:\/\/www.sepmeries.fr\/index.php\/wp-json\/wp\/v2\/pages\/221\/revisions"}],"predecessor-version":[{"id":5674,"href":"https:\/\/www.sepmeries.fr\/index.php\/wp-json\/wp\/v2\/pages\/221\/revisions\/5674"}],"wp:attachment":[{"href":"https:\/\/www.sepmeries.fr\/index.php\/wp-json\/wp\/v2\/media?parent=221"}],"curies":[{"name":"wp","href":"https:\/\/api.w.org\/{rel}","templated":true}]}}

<p style="text-align: justify;">Les commissions municipales sont présidées par le Maire ou son représentant et fonctionnent selon les mêmes modalités que le Conseil Municipal.</p>



<hr class="wp-block-separator has-css-opacity"/>



<h3>Commission Finances, Urbanisme et Administration Générale</h3>



<ul>
<li>Thierry SOSZYNSKI</li>



<li>Christian BASSEZ</li>



<li>Anne-Laure GAILLET</li>



<li>Alain DUPUIS</li>



<li>Marie-pierre DANHIEZ</li>



<li>Elodie BERCHON</li>
</ul>



<hr class="wp-block-separator has-css-opacity"/>



<h3>Commission Vie Scolaire, Jeunesse, Action Sociale et Relations avec les Aînés</h3>



<ul>
<li>Anne-Laure GAILLET</li>



<li>Aurélie PREVOT</li>



<li>Stéphanie DAUCHEZ</li>



<li>Romain GEORGES</li>



<li>Florentine SELLIER</li>
</ul>



<hr class="wp-block-separator has-css-opacity"/>



<h3>Commission Travaux, Cadre de vie, Sécurité et Accessibilité</h3>



<ul>
<li>Alain DUPUIS</li>



<li>Christian BASSEZ</li>



<li>Jean-Michel PASBECQ</li>



<li>Anthony DOUVRY</li>



<li>Pierre MOUFTIEZ</li>



<li>Christophe DIENNE</li>
</ul>



<hr class="wp-block-separator has-css-opacity"/>



<h3>Commission Culture, Communication et Événementiel</h3>



<ul>
<li>Anne-Laure GAILLET</li>



<li>Dorothée BOUCHEZ</li>



<li>Elodie BERCHON</li>



<li>Aurélie PREVOT</li>



<li>Marie-Pierre DANHIEZ</li>
</ul>



<p></p>



<p></p>



<p></p>



<p></p>

<p>Les commissions municipales sont présidées par le Maire ou son représentant et fonctionnent selon les mêmes modalités que le Conseil Municipal. Commission Finances, Urbanisme et Administration Générale Commission Vie Scolaire, [&hellip;]</p>
