{"id":176,"date":"2020-08-24T22:15:30","date_gmt":"2020-08-24T20:15:30","guid":{"rendered":"https:\/\/wdp.sepmeries.fr\/?page_id=176"},"modified":"2020-11-28T17:02:07","modified_gmt":"2020-11-28T16:02:07","slug":"participation-citoyenne","status":"publish","type":"page","link":"https:\/\/www.sepmeries.fr\/index.php\/participation-citoyenne\/","title":{"rendered":"Participation Citoyenne"},"content":{"rendered":"\n<div class=\"wp-block-image\"><figure class=\"aligncenter size-large\"><img decoding=\"async\" loading=\"lazy\" width=\"302\" height=\"167\" src=\"https:\/\/wdp.sepmeries.fr\/wp-content\/uploads\/2020\/09\/Participation-citoyenne-1.jpg\" alt=\"\" class=\"wp-image-382\" srcset=\"https:\/\/www.sepmeries.fr\/wp-content\/uploads\/2020\/09\/Participation-citoyenne-1.jpg 302w, https:\/\/www.sepmeries.fr\/wp-content\/uploads\/2020\/09\/Participation-citoyenne-1-300x166.jpg 300w\" sizes=\"(max-width: 302px) 100vw, 302px\" \/><\/figure><\/div>\n\n\n\n<p style=\"text-align: justify;\">Notre village a int\u00e9gr\u00e9 le dispositif national officiel de \u00ab\u00a0Participation Citoyenne\u00a0\u00bb, soutenu par l\u2019\u00e9tat et la Gendarmerie Nationale.<\/p>\n\n\n\n<p style=\"text-align: justify;\">La participation citoyenne est une op\u00e9ration fond\u00e9e sur la solidarit\u00e9 et la surveillance de voisinage permettant alors d\u2019am\u00e9liorer la r\u00e9activit\u00e9 des forces de s\u00e9curit\u00e9 et d\u2019accro\u00eetre l\u2019efficacit\u00e9 de la pr\u00e9vention de proximit\u00e9.<\/p>\n\n\n\n<p style=\"text-align: justify;\">Elle pr\u00e9voit un maillage de R\u00e9f\u00e9rents de quartiers, dispositif particuli\u00e8rement adapt\u00e9 aux secteurs expos\u00e9s aux cambriolages et autres incivilit\u00e9s ; \u00ab\u00a0Participation Citoyenne\u00a0\u00bb organise une solidarit\u00e9 sociale entre voisins, qui a pour objectif d&rsquo;optimiser les actions de lutte contre les ph\u00e9nom\u00e8nes de d\u00e9linquance men\u00e9es par la Gendarmerie Nationale gr\u00e2ce \u00e0 une initiative compl\u00e9mentaire de proximit\u00e9 sur la Commune. Encadr\u00e9 par la Gendarmerie Nationale, \u00ab\u00a0Participation Citoyenne\u00a0\u00bb vient donc conforter les moyens de s\u00e9curit\u00e9 publique d\u00e9j\u00e0 mis en \u0153uvre.<\/p>\n","protected":false},"excerpt":{"rendered":"<p>Notre village a int\u00e9gr\u00e9 le dispositif national officiel de \u00ab\u00a0Participation Citoyenne\u00a0\u00bb, soutenu par l\u2019\u00e9tat et la Gendarmerie Nationale. La participation citoyenne est une op\u00e9ration fond\u00e9e sur la solidarit\u00e9 et la [&hellip;]<\/p>\n","protected":false},"author":1,"featured_media":0,"parent":0,"menu_order":0,"comment_status":"closed","ping_status":"closed","template":"","meta":[],"_links":{"self":[{"href":"https:\/\/www.sepmeries.fr\/index.php\/wp-json\/wp\/v2\/pages\/176"}],"collection":[{"href":"https:\/\/www.sepmeries.fr\/index.php\/wp-json\/wp\/v2\/pages"}],"about":[{"href":"https:\/\/www.sepmeries.fr\/index.php\/wp-json\/wp\/v2\/types\/page"}],"author":[{"embeddable":true,"href":"https:\/\/www.sepmeries.fr\/index.php\/wp-json\/wp\/v2\/users\/1"}],"replies":[{"embeddable":true,"href":"https:\/\/www.sepmeries.fr\/index.php\/wp-json\/wp\/v2\/comments?post=176"}],"version-history":[{"count":10,"href":"https:\/\/www.sepmeries.fr\/index.php\/wp-json\/wp\/v2\/pages\/176\/revisions"}],"predecessor-version":[{"id":659,"href":"https:\/\/www.sepmeries.fr\/index.php\/wp-json\/wp\/v2\/pages\/176\/revisions\/659"}],"wp:attachment":[{"href":"https:\/\/www.sepmeries.fr\/index.php\/wp-json\/wp\/v2\/media?parent=176"}],"curies":[{"name":"wp","href":"https:\/\/api.w.org\/{rel}","templated":true}]}}