{"id":164,"date":"2020-08-24T22:14:08","date_gmt":"2020-08-24T20:14:08","guid":{"rendered":"https:\/\/wdp.sepmeries.fr\/?page_id=164"},"modified":"2026-04-06T19:13:14","modified_gmt":"2026-04-06T17:13:14","slug":"nouveaux-arrivants","status":"publish","type":"page","link":"https:\/\/www.sepmeries.fr\/index.php\/nouveaux-arrivants\/","title":{"rendered":"Nouveaux Arrivants"},"content":{"rendered":"\n<h6>Recevoir nos actualit\u00e9s et le programme des animations municipales<\/h6>\n\n\n\n<hr class=\"wp-block-separator has-css-opacity is-style-wide\"\/>\n\n\n<div class=\"wp-block-image\">\n<figure class=\"alignright size-large is-resized\"><img decoding=\"async\" loading=\"lazy\" src=\"https:\/\/wdp.sepmeries.fr\/wp-content\/uploads\/2020\/09\/Intramuros-2.png\" alt=\"\" class=\"wp-image-295\" width=\"52\" height=\"52\" srcset=\"https:\/\/www.sepmeries.fr\/wp-content\/uploads\/2020\/09\/Intramuros-2.png 180w, https:\/\/www.sepmeries.fr\/wp-content\/uploads\/2020\/09\/Intramuros-2-150x150.png 150w\" sizes=\"(max-width: 52px) 100vw, 52px\" \/><\/figure><\/div>\n\n\n<p>Afin de recevoir les actualit\u00e9s et le programme des animations municipales, nous vous remercions de bien vouloir t\u00e9l\u00e9charger l&rsquo;application <strong><span class=\"has-inline-color has-vivid-cyan-blue-color\">Intramuros<\/span><\/strong> sur Google Play ou App Store.<\/p>\n\n\n\n<h6><strong>Nouveaux habitants : Pourquoi se pr\u00e9senter et s\u2019inscrire en mairie ?<\/strong><\/h6>\n\n\n\n<hr class=\"wp-block-separator has-alpha-channel-opacity\"\/>\n\n\n\n<p style=\"text-align: justify;\">S&rsquo;inscrire en mairie est une \u00e9tape importante pour les nouveaux habitants d&rsquo;une commune. Voici quelques raisons pour lesquelles cette d\u00e9marche est essentielle :<\/p>\n<p>\u00b7\u00a0<strong>Inscription sur les listes \u00e9lectorales <\/strong>: S&rsquo;inscrire en mairie permet de voter aux \u00e9lections locales et nationales. Cela\u00a0 garantit que vous pouvez exercer votre droit de vote et participer \u00e0 la vie d\u00e9mocratique de votre commune.<\/p>\n<p>\u00b7\u00a0<strong>Acc\u00e8s aux services municipaux <\/strong>: En vous inscrivant, vous pouvez b\u00e9n\u00e9ficier des services offerts par la mairie, tels que l &lsquo;acc\u00e8s \u00e0 l\u2019\u00e9cole, aux activit\u00e9s culturelles et festives (brioches, tours de man\u00e8ge gratuits, colis des a\u00een\u00e9s&#8230;), ainsi qu&rsquo;\u00e0 d&rsquo;autres services communautaires (centre de loisirs\u2026).<\/p>\n<p>\u00b7\u00a0<strong>Mise \u00e0 jour des donn\u00e9es d\u00e9mographiques <\/strong>: L&rsquo;inscription aide la mairie \u00e0 tenir \u00e0 jour ses donn\u00e9es d\u00e9mographiques, ce qui est crucial pour l&rsquo;allocation des ressources et le d\u00e9veloppement de projets locaux.<\/p>\n<p>\u00b7\u00a0<strong>\u00a0 S\u00e9curit\u00e9 et identification <\/strong>: \u00catre inscrit en mairie permet \u00e9galement d&rsquo;assurer une meilleure s\u00e9curit\u00e9 et identification \u00a0 des habitants, ce qui peut \u00eatre utile en cas d&rsquo;urgence ou de besoin d&rsquo;assistance.<br \/><br \/>En r\u00e9sum\u00e9, l&rsquo;inscription en mairie est une d\u00e9marche simple mais essentielle qui facilite l&rsquo;int\u00e9gration des nouveaux habitants et contribue au bon fonctionnement de la commune.<\/p>\n<p>Si vous avez des questions ou si vous avez besoin d&rsquo;informations sur les services municipaux, l\u2019\u00e9cole, les associations, les transports ou toute autre chose, notre \u00e9quipe municipale est l\u00e0 pour vous aider. Vous pouvez nous contacter \u00e0 la mairie.<\/p>\n\n\n\n<h6>Activit\u00e9s propos\u00e9es<\/h6>\n\n\n\n<hr class=\"wp-block-separator has-css-opacity is-style-wide\"\/>\n\n\n\n<p>Association des Anciens Combattants U.N.C. A.F.N<\/p>\n\n\n\n<p>Association de Chasse \u00ab\u00a0L&rsquo;entente\u00a0\u00bb <\/p>\n\n\n\n<p>Association de Chasse SEPMERIES  <\/p>\n\n\n\n<p>Association Club des 7 Riots<\/p>\n\n\n\n<p>Association Comit\u00e9 des f\u00eates &#8211; Caf\u00e9 associatif \u00ab\u00a0Entr&rsquo;Amis\u00a0\u00bb- <\/p>\n\n\n\n<p>Association Sepmeries Festif <\/p>\n\n\n\n<p>Association GYM DANSE FITNESS A SEPMERIES TOUS ENSEMBLE &#8211; <a rel=\"noreferrer noopener\" href=\"https:\/\/gdfste.jimdofree.com\/\" target=\"_blank\">https:\/\/gdfste.jimdofree.com\/<\/a><\/p>\n\n\n\n<p>Association USEP des Reinettes<\/p>\n\n\n\n<p>Association MORMAL RENCONTRES <\/p>\n","protected":false},"excerpt":{"rendered":"<p>Recevoir nos actualit\u00e9s et le programme des animations municipales Afin de recevoir les actualit\u00e9s et le programme des animations municipales, nous vous remercions de bien vouloir t\u00e9l\u00e9charger l&rsquo;application Intramuros sur [&hellip;]<\/p>\n","protected":false},"author":1,"featured_media":0,"parent":0,"menu_order":0,"comment_status":"closed","ping_status":"closed","template":"","meta":[],"_links":{"self":[{"href":"https:\/\/www.sepmeries.fr\/index.php\/wp-json\/wp\/v2\/pages\/164"}],"collection":[{"href":"https:\/\/www.sepmeries.fr\/index.php\/wp-json\/wp\/v2\/pages"}],"about":[{"href":"https:\/\/www.sepmeries.fr\/index.php\/wp-json\/wp\/v2\/types\/page"}],"author":[{"embeddable":true,"href":"https:\/\/www.sepmeries.fr\/index.php\/wp-json\/wp\/v2\/users\/1"}],"replies":[{"embeddable":true,"href":"https:\/\/www.sepmeries.fr\/index.php\/wp-json\/wp\/v2\/comments?post=164"}],"version-history":[{"count":40,"href":"https:\/\/www.sepmeries.fr\/index.php\/wp-json\/wp\/v2\/pages\/164\/revisions"}],"predecessor-version":[{"id":5570,"href":"https:\/\/www.sepmeries.fr\/index.php\/wp-json\/wp\/v2\/pages\/164\/revisions\/5570"}],"wp:attachment":[{"href":"https:\/\/www.sepmeries.fr\/index.php\/wp-json\/wp\/v2\/media?parent=164"}],"curies":[{"name":"wp","href":"https:\/\/api.w.org\/{rel}","templated":true}]}}