{"id":143,"date":"2020-08-24T22:06:23","date_gmt":"2020-08-24T20:06:23","guid":{"rendered":"https:\/\/wdp.sepmeries.fr\/?page_id=143"},"modified":"2020-11-28T16:04:12","modified_gmt":"2020-11-28T15:04:12","slug":"recensement-militaire","status":"publish","type":"page","link":"https:\/\/www.sepmeries.fr\/index.php\/recensement-militaire\/","title":{"rendered":"Recensement Militaire\/Citoyen"},"content":{"rendered":"\n<p>Le recensement permet \u00e0 l&rsquo;administration de convoquer le jeune pour qu&rsquo;il effectue la journ\u00e9e d\u00e9fense et citoyennet\u00e9 (JDC). Le recensement permet \u00e9galement l\u2019inscription d\u2019office sur les listes \u00e9lectorales \u00e0 18 ans et l\u2019inscription aux diff\u00e9rents examens (BEP, BACCALAUR\u00c9AT, Permis de conduire, \u2026.).<\/p>\n\n\n\n<h6>La D\u00e9marche<\/h6>\n\n\n\n<p>Le recensement militaire (ou recensement citoyen) est obligatoire et doit \u00eatre effectu\u00e9 soit en Mairie, soit par Internet sur le site <a rel=\"noreferrer noopener\" href=\"https:\/\/www.service-public.fr\/particuliers\/vosdroits\/R2054\" target=\"_blank\">www.service-public.fr<\/a>.<span class=\"has-inline-color has-vivid-red-color\"><\/span><\/p>\n\n\n\n<h6>Qui est concern\u00e9 ?<\/h6>\n\n\n\n<ul><li>Un Fran\u00e7ais de naissance doit se faire recenser entre le jour de ses 16 ans et le dernier jour du 3e mois qui suit celui de l&rsquo;anniversaire.<\/li><li>Un jeune devenu Fran\u00e7ais entre 16 et 25 ans doit se faire recenser dans le mois suivant l&rsquo;acquisition de la nationalit\u00e9 fran\u00e7aise<\/li><li>Un jeune qui a la possibilit\u00e9 de rejeter la nationalit\u00e9 fran\u00e7aise mais qui ne fait pas jouer ce droit, doit se faire recenser au plus tard dans le mois qui suit ses 19 ans<\/li><\/ul>\n\n\n\n<p><br>Toutefois, si les d\u00e9lais ont \u00e9t\u00e9 d\u00e9pass\u00e9s, il est toujours possible de r\u00e9gulariser sa situation jusqu&rsquo;\u00e0 l&rsquo;\u00e2ge de 25 ans en proc\u00e9dant de la m\u00eame mani\u00e8re que pour un recensement classique.<\/p>\n\n\n\n<p>Dans le cas d\u2019un jeune vivant \u00e0 l\u2019\u00e9tranger, il doit se faire recenser aupr\u00e8s de l\u2019Ambassade ou du Consulat de France, \u00e0 moins d\u2019\u00eatre d\u00e9j\u00e0 inscrit sur le registre des Fran\u00e7ais \u00e9tablis hors de France.<\/p>\n\n\n\n<p><strong>Pi\u00e8ces \u00e0 fournir<\/strong><\/p>\n\n\n\n<p>Pi\u00e8ce d\u2019identit\u00e9 (carte nationale d\u2019identit\u00e9, passeport) en cours de validit\u00e9<\/p>\n\n\n\n<p>Le livret de famille \u00e0 jour<\/p>\n\n\n\n<p>Un justificatif de domicile r\u00e9cent (factures, avis d\u2019imposition, etc \u2026.)<\/p>\n\n\n\n<p>Si le jeune est atteint d\u2019un handicap, et qu\u2019il souhaite \u00eatre dispens\u00e9 de la journ\u00e9e d\u00e9fense et citoyenne, il peut pr\u00e9senter un certificat m\u00e9dical pr\u00e9cisant qu\u2019il est inapte \u00e0 y participer.<\/p>\n\n\n\n<p>\u00c0 la suite du recensement, la mairie d\u00e9livre une attestation de recensement (remise en mains propres ou envoy\u00e9e par courrier sous 10 jours).<\/p>\n\n\n\n<p><br>Tout changement de situation (d\u00e9m\u00e9nagement, \u00e9volution professionnelle, mariage \u2026.) doit \u00eatre signal\u00e9 aupr\u00e8s des autorit\u00e9s militaires.<\/p>\n\n\n\n<p><strong>ATTENTION<\/strong>&nbsp;: Il n&rsquo;est pas d\u00e9livr\u00e9 de duplicata. En cas de perte ou de vol, il est possible de demander un justificatif de recensement au centre du service national dont vous d\u00e9pendez.<\/p>\n\n\n\n<p><strong>En cas d&rsquo;absence de recensement<\/strong><\/p>\n\n\n\n<p>En cas d\u2019absence de recensement, l\u2019irr\u00e9gularit\u00e9 est sanctionn\u00e9e par le fait :<\/p>\n\n\n\n<ol><li>de ne pas pouvoir participer \u00e0 la journ\u00e9e d\u00e9fense et citoyennet\u00e9 (JDC) et en cons\u00e9quence, de ne pouvoir passer aucun concours ou examens d\u2019Etat avant l\u2019\u00e2ge de 25 ans.<\/li><li>de ne pas \u00eatre inscrit sur les listes \u00e9lectorales d\u00e8s 18 ans.<\/li><\/ol>\n\n\n\n<p><\/p>\n","protected":false},"excerpt":{"rendered":"<p>Le recensement permet \u00e0 l&rsquo;administration de convoquer le jeune pour qu&rsquo;il effectue la journ\u00e9e d\u00e9fense et citoyennet\u00e9 (JDC). Le recensement permet \u00e9galement l\u2019inscription d\u2019office sur les listes \u00e9lectorales \u00e0 18 [&hellip;]<\/p>\n","protected":false},"author":1,"featured_media":0,"parent":0,"menu_order":0,"comment_status":"closed","ping_status":"closed","template":"","meta":[],"_links":{"self":[{"href":"https:\/\/www.sepmeries.fr\/index.php\/wp-json\/wp\/v2\/pages\/143"}],"collection":[{"href":"https:\/\/www.sepmeries.fr\/index.php\/wp-json\/wp\/v2\/pages"}],"about":[{"href":"https:\/\/www.sepmeries.fr\/index.php\/wp-json\/wp\/v2\/types\/page"}],"author":[{"embeddable":true,"href":"https:\/\/www.sepmeries.fr\/index.php\/wp-json\/wp\/v2\/users\/1"}],"replies":[{"embeddable":true,"href":"https:\/\/www.sepmeries.fr\/index.php\/wp-json\/wp\/v2\/comments?post=143"}],"version-history":[{"count":10,"href":"https:\/\/www.sepmeries.fr\/index.php\/wp-json\/wp\/v2\/pages\/143\/revisions"}],"predecessor-version":[{"id":647,"href":"https:\/\/www.sepmeries.fr\/index.php\/wp-json\/wp\/v2\/pages\/143\/revisions\/647"}],"wp:attachment":[{"href":"https:\/\/www.sepmeries.fr\/index.php\/wp-json\/wp\/v2\/media?parent=143"}],"curies":[{"name":"wp","href":"https:\/\/api.w.org\/{rel}","templated":true}]}}