{"id":139,"date":"2020-08-24T22:05:54","date_gmt":"2020-08-24T20:05:54","guid":{"rendered":"https:\/\/wdp.sepmeries.fr\/?page_id=139"},"modified":"2023-01-28T09:16:20","modified_gmt":"2023-01-28T08:16:20","slug":"elections","status":"publish","type":"page","link":"https:\/\/www.sepmeries.fr\/index.php\/elections\/","title":{"rendered":"Elections"},"content":{"rendered":"\n<p>Acc\u00e9der aux services en ligne et formulaires de \u00ab\u00a0Mon Service Public\u00a0\u00bb<\/p>\n\n\n\n<p>Vous habitez Sepmeries et vous souhaitez vous inscrire sur les listes \u00e9lectorales de la ville ? <\/p>\n\n\n\n<p><strong>Diff\u00e9rentes possibilit\u00e9s s&rsquo;offrent \u00e0 vous :<\/strong><\/p>\n\n\n\n<ul>\n<li style=\"text-align: justify;\"><strong>Venir en Mairie<\/strong> avec les pi\u00e8ces exig\u00e9es (voir ci-dessous)<\/li>\n<li><strong>Envoyer un courrier \u00e0 la Mairie<\/strong> avec le formulaire et les pi\u00e8ces exig\u00e9es. T\u00e9l\u00e9chargez <a href=\"http:\/\/www.interieur.gouv.fr\/content\/download\/32977\/245942\/file\/cerfa_12669_01.pdf\" target=\"_blank\" rel=\"noreferrer noopener\">la demande d&rsquo;inscription sur les listes \u00e9lectorales<\/a>.<\/li>\n<li><strong>Se connecter sur le t\u00e9l\u00e9service<\/strong> propos\u00e9 par mon-service-public.fr. <a href=\"https:\/\/auth.service-public.fr\/realms\/service-public\/protocol\/openid-connect\/auth?response_type=code&amp;client_id=spclient&amp;scope=address%20phone%20openid%20profile%20particulier%20email&amp;state=i26dJQkZb4bcRy3nhrZ7NGxIkqWXO_FlXV9Q06RJ9ko%3D&amp;redirect_uri=https:\/\/www.service-public.fr\/openid_connect_login&amp;nonce=FNrLOzSw8zycLE6c5KWpo8ythyjM6DkHIZfija8vh7g\" target=\"_blank\" rel=\"noreferrer noopener\">Connectez-vous au t\u00e9l\u00e9service<\/a>.<\/li>\n<\/ul>\n\n\n\n<h6>Demande de correction d&rsquo;\u00e9tat-civil aupr\u00e8s de l&rsquo;INSEE :<\/h6>\n\n\n\n<p style=\"text-align: justify;\">L&rsquo;\u00e9tat-civil qui appara\u00eet sur votre carte \u00e9lectorale est d\u00e9sormais celui enregistr\u00e9 au R\u00e9pertoire National d&rsquo;Identification des Personnes Physiques (RNIPP) g\u00e9r\u00e9 par l&rsquo;INSEE. Le RNIPP a pour vocation de v\u00e9rifier l&rsquo;\u00e9tat-civil officiel des \u00e9lecteurs. Cependant, des erreurs peuvent exister et vous pouvez en demander la correction.<\/p>\n\n\n\n<p>&gt; Plus d&rsquo;infos : \u00c9lections<a rel=\"noreferrer noopener\" href=\"https:\/\/www.service-public.fr\/particuliers\/vosdroits\/R49454\" target=\"_blank\"> [T\u00e9l\u00e9service]<\/a>&nbsp;<\/p>\n\n\n\n<h2>Procurations<\/h2>\n\n\n\n<p>Dispositif <strong>\u00ab\u00a0Maprocuration\u00a0\u00bb<\/strong><\/p>\n<p>La t\u00e9l\u00e9-proc\u00e9dure \u00ab\u00a0Maprocuration\u00a0\u00bb permet d&rsquo;\u00e9tablir une procuration \u00e0 partir du lien suivant : <a href=\"https:\/\/www.maprocuration.gouv.fr\/\" target=\"_blank\" rel=\"noopener\">www.maprocuration.gouv.fr<\/a><\/p>\n<p>Cette t\u00e9l\u00e9-proc\u00e9dure est accessible aux \u00e9lecteurs<strong> inscrits sur la liste \u00e9lectorale communale<\/strong> (y compris une liste \u00e9lectorale compl\u00e9mentaire) et <strong>sur liste \u00e9lectorale consulaire<\/strong>.<\/p>\n\n\n\n<p><strong>Le service \u00e9tat-civil vous accueille :<\/strong><\/p>\n\n\n\n<p>Du Lundi au Vendredi de 9h00 &#8211; 12h00<\/p>\n\n\n\n<p><\/p>\n","protected":false},"excerpt":{"rendered":"<p>Acc\u00e9der aux services en ligne et formulaires de \u00ab\u00a0Mon Service Public\u00a0\u00bb Vous habitez Sepmeries et vous souhaitez vous inscrire sur les listes \u00e9lectorales de la ville ? Diff\u00e9rentes possibilit\u00e9s s&rsquo;offrent [&hellip;]<\/p>\n","protected":false},"author":1,"featured_media":0,"parent":0,"menu_order":0,"comment_status":"closed","ping_status":"closed","template":"","meta":[],"_links":{"self":[{"href":"https:\/\/www.sepmeries.fr\/index.php\/wp-json\/wp\/v2\/pages\/139"}],"collection":[{"href":"https:\/\/www.sepmeries.fr\/index.php\/wp-json\/wp\/v2\/pages"}],"about":[{"href":"https:\/\/www.sepmeries.fr\/index.php\/wp-json\/wp\/v2\/types\/page"}],"author":[{"embeddable":true,"href":"https:\/\/www.sepmeries.fr\/index.php\/wp-json\/wp\/v2\/users\/1"}],"replies":[{"embeddable":true,"href":"https:\/\/www.sepmeries.fr\/index.php\/wp-json\/wp\/v2\/comments?post=139"}],"version-history":[{"count":11,"href":"https:\/\/www.sepmeries.fr\/index.php\/wp-json\/wp\/v2\/pages\/139\/revisions"}],"predecessor-version":[{"id":3082,"href":"https:\/\/www.sepmeries.fr\/index.php\/wp-json\/wp\/v2\/pages\/139\/revisions\/3082"}],"wp:attachment":[{"href":"https:\/\/www.sepmeries.fr\/index.php\/wp-json\/wp\/v2\/media?parent=139"}],"curies":[{"name":"wp","href":"https:\/\/api.w.org\/{rel}","templated":true}]}}