{"id":125,"date":"2020-08-24T22:04:09","date_gmt":"2020-08-24T20:04:09","guid":{"rendered":"https:\/\/wdp.sepmeries.fr\/?page_id=125"},"modified":"2023-01-28T09:13:15","modified_gmt":"2023-01-28T08:13:15","slug":"acte-de-naissance","status":"publish","type":"page","link":"https:\/\/www.sepmeries.fr\/index.php\/acte-de-naissance\/","title":{"rendered":"Acte de Naissance"},"content":{"rendered":"\n<p>Acc\u00e9der aux services en ligne et formulaire de \u00ab\u00a0Mon Service Public\u00a0\u00bb<\/p>\n\n\n\n<ul><li><a rel=\"noreferrer noopener\" href=\"https:\/\/mdel.mon.service-public.fr\/acte-etat-civil.html\" target=\"_blank\">Demande d&rsquo;acte d&rsquo;\u00e9tat civil : n<\/a><a href=\"https:\/\/www.service-public.fr\/particuliers\/vosdroits\/R1406\">aissance [T\u00e9l\u00e9service]<\/a>\u00a0<\/li><\/ul>\n\n\n\n<p><strong>Le service \u00e9tat-civil vous accueille :<\/strong><\/p>\n\n\n\n<p>Du Lundi au Vendredi de 9h00 &#8211; 12h00 <\/p>\n\n\n\n<p><\/p>\n","protected":false},"excerpt":{"rendered":"<p>Acc\u00e9der aux services en ligne et formulaire de \u00ab\u00a0Mon Service Public\u00a0\u00bb Demande d&rsquo;acte d&rsquo;\u00e9tat civil : naissance [T\u00e9l\u00e9service]\u00a0 Le service \u00e9tat-civil vous accueille : Du Lundi au Vendredi de 9h00 [&hellip;]<\/p>\n","protected":false},"author":1,"featured_media":0,"parent":0,"menu_order":0,"comment_status":"closed","ping_status":"closed","template":"","meta":[],"_links":{"self":[{"href":"https:\/\/www.sepmeries.fr\/index.php\/wp-json\/wp\/v2\/pages\/125"}],"collection":[{"href":"https:\/\/www.sepmeries.fr\/index.php\/wp-json\/wp\/v2\/pages"}],"about":[{"href":"https:\/\/www.sepmeries.fr\/index.php\/wp-json\/wp\/v2\/types\/page"}],"author":[{"embeddable":true,"href":"https:\/\/www.sepmeries.fr\/index.php\/wp-json\/wp\/v2\/users\/1"}],"replies":[{"embeddable":true,"href":"https:\/\/www.sepmeries.fr\/index.php\/wp-json\/wp\/v2\/comments?post=125"}],"version-history":[{"count":5,"href":"https:\/\/www.sepmeries.fr\/index.php\/wp-json\/wp\/v2\/pages\/125\/revisions"}],"predecessor-version":[{"id":3081,"href":"https:\/\/www.sepmeries.fr\/index.php\/wp-json\/wp\/v2\/pages\/125\/revisions\/3081"}],"wp:attachment":[{"href":"https:\/\/www.sepmeries.fr\/index.php\/wp-json\/wp\/v2\/media?parent=125"}],"curies":[{"name":"wp","href":"https:\/\/api.w.org\/{rel}","templated":true}]}}